-2 + -8 - (-51 - -42)
-1
What is 31 - ((31 - 28) + 22)?
6
What is the value of 2 + 26 + (15 - 32) + 9?
20
What is the value of 10 + (18 + -50 - (2 + -20))?
-4
What is (1 + 7 - 7) + 0 + -7?
-6
Calculate 0 + (-8 - (-2 - (7 - 2))).
-1
Calculate -9 + 3 + -2 + -2 + 4 + 1.
-5
What is (65 - 85) + (0 - -1)?
-19
What is -1 - -17 - 4 - 2?
10
(-28 - -1) + (-99 - -100)
-26
What is -9 + 1 - (2 + 21 + -5 + -6)?
-20
What is -1 - (16 - (-4 + 31) - (-1 + -1))?
8
Calculate 23 - (32 + (-17 - 2)).
10
(-37 - -53) + (-7 - 13)
-4
1145 - 1143 - (3 + -2 + 1)
0
What is the value of (-4 - 1) + 2 - (-39 + 28 - -4)?
4
40 - (-23 + 14 - -32)
17
What is the value of 6 - (-2 + 3 - -1) - (3 + 12)?
-11
What is the value of -8 + (-4 - -4 - -8)?
0
What is the value of 18 - (10 - 21) - (5 - -5)?
19
What is 152 - 166 - (1 + -35)?
20
2 + 5 + (8 - 10) - -3
8
Evaluate (1 + -11 - 0 - -5) + (4 - -1).
0
What is -19 + 10 + (-3 + 0 - -7) + -4?
-9
Calculate -26 + 27 - -39 - 53.
-13
3 + (1 - 6) + -3 + 17
12
Calculate 2 + -7 - (-32 + -10 + 48).
-11
What is (1 - (-8 + 8)) + 5 + 3?
9
-25 - (-14 + 4 - 18)
3
What is 316 - 304 - (7 + 0)?
5
-17 + (1 - (10 - 34)) - 25
-17
Calculate 14 - (-5 - -5) - 7.
7
What is the value of -21 - -7 - (5 + -4 - 2)?
-13
What is the value of (17 - 6) + -14 + 1 - (5 - 1)?
-6
-14 + 16 + (-16 - -3)
-11
What is (-22 - (-1 - 24)) + 10?
13
What is -5 - (18 + -13 - 27)?
17
Calculate (1 + -1 - -9) + (17 - (-9 + 24)).
11
Evaluate -98 + 106 + -3 + -14 - (2 - 41).
30
20 + -13 + -11 - (-2 - 14)
12
7 + -13 + 10 - 17 - 6
-19
What is the value of 30 + (-7 - (18 + -2))?
7
Evaluate (23 + -2 - 0) + -22.
-1
Calculate -11 + 0 + (-3 + -4 - -1) + 9.
-8
What is -6 - (-19 - (-18 - -2))?
-3
What is the value of 3 - 8 - (-12 - -6) - (3 - -10)?
-12
-3 + -4 + (-1 - (-7 - -4))
-5
What is (-12 + 19 - 14) + 9 + -3?
-1
Evaluate -8 + 2 + -31 + 35 - 4 - 8.
-14
What is the value of 4 - -1 - (10 - (-19 + 24))?
0
What is the value of (6 - (-9 - -23)) + 22 + (0 - -1)?
15
What is the value of -19 - ((10 - -49) + -45)?
-33
What is the value of (1 + -4 - (-21 - -5)) + (89 - 89)?
13
Evaluate (71 - 69) + (0 - 2 - 5).
-5
Calculate 11 + -2 - 2 - 12.
-5
What is (-22 + 80 - 62) + 9 + 2?
7
(0 - (14 - 14 - -9)) + 0 + 4
-5
Calculate -29 + (25 - (27 + -48)).
17
Evaluate 8 - -2 - (22 - (9 - 2)).
-5
0 + 12 + -69 + 74 + -8 + 2
11
(8 - (7 + 9)) + (-11 - -15)
-4
What is (35 - 4 - (10 + 2)) + -8?
11
(-9 - -6 - -2 - 0) + 1 - 6
-6
What is the value of 14 - (3 + 4 + (-2 + -1 - 1))?
11
What is 9 - (15 - (7 + 5 + -4))?
2
Evaluate 19 - (-1 - (32 - 27 - (3 + 10))).
12
What is (-7 - -1 - 19) + 26?
1
What is the value of -23 + 5 + 8 + 23 + 1?
14
Evaluate 5 + (-9 - -8) + -5 - -6.
5
What is 9 + (-8 - -3 - -7) - 8?
3
What is (-8 - -3) + -13 + (18 - 37)?
-37
What is the value of -6 + -10 + -7 + -7 + (5 - -5)?
-20
-50 - (17 - -4 - 61)
-10
What is the value of (6 + -12 - 19) + 11?
-14
(-1 - -13) + -13 - -11
10
Calculate 202 + -203 - (-3 - (-22 - 2)).
-22
What is the value of 0 - -8 - (-124 - -141)?
-9
Evaluate (3 - -12) + -10 + 5 + 7.
17
(2 - (28 - 4)) + (-5 - -5 - -6)
-16
Calculate (-1 - 4) + (10 - 3) - -4.
6
What is the value of 17 - (-4 - ((11 - 26) + -34))?
-28
What is the value of (21 - 15) + 1 + -3 + -7 - 10?
-13
1 + 5 + (-56 - -54) + (1 - 8)
-3
Evaluate -8 + (17 + -11 - (4 + -7 + 5)).
-4
Calculate (-10 - 1) + (2646 - 2610).
25
Calculate (-38 - -20) + 6 - -36.
24
What is the value of 0 + 12 - (1 + (-2 - 0))?
13
What is the value of (0 + 6 + 9 - 7) + -1 + 0?
7
Evaluate -1 + (3 + 5 - 6) - 2.
-1
Calculate -8 - (-14 - (-7 + -3)).
-4
21 + -18 + -20 - (17 + -2)
-32
-17 + (-13 - (-81 - -29))
22
What is the value of 34 - 39 - (-4 + -4 + 4)?
-1
8 + 6 + 0 + -5 + (-1 - -2)
10
What is (6 - (1 + 19)) + 7 + -7 + -1?
-15
What is -16 - (-17 + -2) - (16 - (-3 - -1))?
-15
Calculate 100 + -108 - (10 - (4 + -5)).
-19
0 - 7 - ((6 - (-2 + 5)) + -3)
-7
What is (30 - 16) + 2 + -8?
8
Evaluate (4 - 2) + -1 + -6 - 5.
-10
What is the value of -13 - 4 - (1 - (6 - (-8 - -18)))?
-22
What is the value of 0 - (15 - ((-93 - -90) + (0 - -8)))?
-10
Evaluate -10 - (-12 - (-8 - -2)) - 3.
-7
(-3 - (9 + -18)) + -13 + 18
11
What is the value of -2 + 4 + 4 + (-7 - -3) - -10?
12
Evaluate -3 + 0 + 1 - (-1 + (16 - 19)).
2
Evaluate 0 - (1 + 31) - (-3 - -7 - 2).
-34
-1528 + 1534 - ((1 - 2) + -1)
8
What is (1 - 1) + 5 - (-136 + 128)?
13
16 + (-14 - 11) + 14
5
3 + 5 - -3 - (42 - 35)
4
-11 + 21 + -2 - (19 + -2)
-9
What is 1 + 0 - (-31 + 17 + -7 - 0)?
22
What is the value of 16 - (18 + -14) - 26?
-14
What is the value of (-1 - -1) + 3 + 4 + (13 - 6)?
14
What is the value of 10 - (0 + 1 + 24)?
-15
Evaluate -1 + -5 + -1 - (-5 - -4 - -4).
-10
Evaluate -1 + 0 + -27 + 245 + -234.
-17
Evaluate 40 - -1 - (2494 + -2466).
13
Evaluate 14 + -29 + 18 - -3.
6
What is the value of (6 + -19 + 0 - -14) + 3 + 30?
34
Calculate -18 + (6 - -8) - (1 - (-1 + -1)).
-7
What is -26 - -28 - -22 - 19?
5
What is the value of -43 + (-9 - (-21 - -5)) + 0?
-36
What is 5 - ((-9 + -2 - -2) + (31 - -1))?
-18
-6 - (8 - 11 - -5)
-8
Calculate 72 + -77 + (-15 - (-5 + 2)) + 3.
-14
What is the value of ((3 - 7) + 3 - -6) + 6?
11
Calculate -4 + -2 + (10 - 16 - 2).
-14
What is -7 - 0 - 10 - -33?
16
What is 1654 - 1680 - (-27 + 1)?
0
448 + -460 + (-17 - -3) + 3
-23
What is (0 - -24) + -36 + (29 - 0)?
17
What is -33 + 20 + (-17 - -5) + 6 + -13?
-32
What is the value of (3 - (7 - 6) - 5) + -1?
-4
20 - (9 + 34 + -20)
-3
-22 + (-22 - (-46 + 30))
-28
What is 73 - 80 - (-1 + -3 + 7)?
-10
What is the value of (1 - 6) + -2 + 70 + -68?
-5
What is (-1 - (9 + -1 - 6)) + 4 - 7?
-6
Calculate (-9 - -32) + -5 + -24.
-6
9 - (4 + -2) - 18
-11
What is 371 + -341 + (-5 - -1)?
26
Evaluate -1 + -6 + 10 + 12 + (12 - 5).
22
What is (-16 - -18 - (-3 + -40)) + -16?
29
What is (-17 - -2) + 7 - 5?
-13
What is the value of -102 - -101 - (-26 + 7)?
18
17 + (0 - 23) + -11
-17
Calculate -590 + 604 + (1 - (-2 + 27)).
-10
What is 26 + (63 - 72 - (0 + -9 + -3))?
29
What is the value of -640 + 639 + (0 + 0 - 9)?
-10
(13 - (-14 - -22)) + 6 + 8
19
What is 30 + -5 + (-33 - -20)?
12
Evaluate 5 - 3 - (-2 + 3) - (29 + 6).
-34
-40 + 11 + 8 + 11
-10
-7 + (-10 - 14 - -18)
-13
Evaluate -41 + 30 + 6 + -19.
-24
What is -29 - (3 + 6 + -16) - (-10 + 3)?
-15
Evaluate (-13 - 1) + (138 - (50 - -38)).
36
Evaluate -15 + (25 + 3 - 36).
-23
What is 13 + 2 + -3 + (10 - 6) + -8?
8
Evaluate -1 - (-5 - -3 - 25) - (-9 - -5).
30
What is 188 + -189 + (-10 - (-1 + -1))?
-9
Evaluate 13 + -15 + 12 - 13.
-3
0 + -2 + (7 - (-5 - -6))
4
(-136 - -133) + 0 + -16
-19
Calculate -2 - (3 + -4) - (-5 + (-8 - -12)).
0
What is the value of 4 + 1 - (450 + -463 + (0 - -11))?
7
Calculate 32 - 24 - (1 + 1 - -5).
1
-16 + -23 + 36 + -4
-7
What is -1 + -3 + (-8 - -8) + -1?
-5
Calculate 21 - 24 - (-17 - 1).
15
What is (-3 + 2 - -1) + (314 - 320) + -3?
-9
Evaluate 31 - (-14 - -19 - -11).
15
What is the value of 44 - 5 - (-26 + 57)?
8
Calculate 29 - 28 - (-7 - -4 - (2 - 1)).
5
Evaluate -50 - -67 - (6 - (-3 + (0 - -5))).
13
What is -2 + (-6 - (5 + -16 + 11))?
-8
Calculate (-24 - (-13 - -3) - -12) + 0 + -6.
-8
Calculate (-7 - (8 + -4)) + (-8 - (1 - 1)).
-19
What is the value of 8 + -7 + -13 + (8 - 1) + 12?
7
What is 8 + (0 - 2) + -4 + -3?
-1
Calculate 17 - 22 - -26 - 27.
-6
-39 - (21 + -42) - (17 - -2)
-37
What is 12 + -3 + (-2 - 15) + -3?
-11
What is the value of (13 - 2) + -18 + 14 + -14 + -12?
-19
What is 46 + (19 - 31 - 9)?
25
Calculate (3 - 1) + 2 + -14 + 8.
-2
Evaluate (-294 - -291) + (-1 - -1).
-3
What is the value of (5 - 4) + (1 - 3 - -12)?
11
What is the value of -4 - (4 + (-4 + (16 - 7) - 5))?
-8
24 - (15 - -20) - -9
-2
What is (1 - (-2 - -9)) + (-2 - -31)?
23
What is 73 - 57 - (19 - -1)?
-4
What is the value of -3 - 2 - (14 - -9 - 37)?
9
(1 + 4 - 3) + (-1 + 14 - 7)
8
Calculate 10 - (12 - (1 - (-3 - (-1 + 3)))).
4
-5 - -4 - (-3 - (1 - -7))
10
What is -3 - (-11 + 31 + -39)?
16
Calculate 0 + 17 - (12 + -13 + (-7 - 0)).
25
Evaluate 5 - (3 - (10 + -13 - 3)).
-4
What is the value of (-8 - -3 - 0) + (29 - (34 - 13))?
3
Calculate -18 + -18 + 60 - -3.
27
Calculate 34 - 56 - -13 - (0 + -4).
-5
What is the value of (9 - (13 + -7)) + -6 + -6 + -3?
-12
What is the value of -48 + -27 + (54 - 3)?
-24
Evaluate (-10 - -15) + (-1 - 2) - (20 + -11).
-7
What is -9 - (4 - (10 - 6 - (-3 + 3)))?
-9
Calculate (-8 + -7 - 